j(y).
19
Let r(i) be the second derivative of -2/3*i**4 + 0 + 1/6*i**3 - 1/20*i**5 - 66*i + 1/2*i**2. What is r(-8)?
-7
Let z(t) = t + 1. Let p(y) = y**2 + 15*y - 9. Let n(x) = x + 25. Let u be n(-26). Let j(f) = u*p(f) + 6*z(f). Determine j(-11).
-7
Let l(h) be the first derivative of -1 + 1/3*h**3 + h - 4*h**2. Let b = -4699 - -4705. What is l(b)?
-11
Let i(d) = -14*d + 1. Let x = -49 - 54. Let f = x - -73. Let j = f - -31. What is i(j)?
-13
Suppose -2*x + 61 = 4*r + 85, 2*r - 3*x + 28 = 0. Let i(f) = -6*f - 40. Give i(r).
8
Suppose 2476 = 7*c + 2560. Let t(p) = -p**3 - 12*p**2 + 2*p - 25. Determine t(c).
-49
Let k(x) = 4 - x**2 + 3*x - 5 - 3. Let j = 411 - 411. Suppose 8*d + 31 - 63 = j. Give k(d).
-8
Let m(r) = -25*r**3 + 3*r**2 + 5*r + 6. Let v(n) = -5*n + 34. Let a be v(8). Let h(o) = -29*o**3 + 3*o**2 + 5*o + 6. Let j(w) = a*h(w) + 7*m(w). Calculate j(5).
-19
Let p(u) be the first derivative of u**3 + 9 - 1/4*u**4 + 1/2*u**2 - u. Determine p(3).
2
Let w(o) = o - 1. Let b(h) = -42*h - 17. Let v(y) = 5*y + 2. Let j(i) = -6*b(i) - 51*v(i). Let l be j(-4). Determine w(l).
11
Let v(h) = -4*h**2 + 3*h + 37. Suppose -5*p + 50 = 4*q + 10, q - 5*p = -15. Let k(b) = -3*b**2 + 2*b + 25. Let n(o) = q*v(o) - 7*k(o). Calculate n(0).
10
Let l be (-3)/33 + (-28353)/(-429). Suppose l*c + 45 = 81*c. Let w(o) = -o**2 + o + 10. What is w(c)?
4
Let x(s) be the first derivative of -142 - 7/2*s**2 + 1/3*s**3 + 6*s. Determine x(5).
-4
Suppose -6*q = -3*q + 9, 3*o = 3*q + 18. Suppose 18 - 98 = -10*z. Let h(i) = 4 + 19*i - z*i - 12*i + i**2. What is h(o)?
10
Let s = 7 - 14. Let f(r) be the first derivative of r**2 + 5*r - 23681. What is f(s)?
-9
Suppose -6*n - 8 = 2*s - 2*n, n - 12 = -4*s. Let o(m) = -346*m + s - m**2 + 8 + 172*m + 171*m. Give o(-5).
2
Let c(i) be the first derivative of -1/4*i**4 - 76 + 4/3*i**3 + 6*i - 3/2*i**2. What is c(4)?
-6
Let t be 1 + 354/(-10) - 357/595. Let v be (-10)/(-40)*7/(t/20). Let l(i) = 5*i**2. Determine l(v).
5
Let a(f) be the third derivative of -1/24*f**4 - 1/120*f**6 + 15*f**2 + 0*f + f**3 + 0*f**5 + 0. Calculate a(0).
6
Let h(j) = 2*j**2 + 19*j + 10. Suppose 558*v - 28 = 563*v - 3*d, 3*v - 3*d = -12. Determine h(v).
-14
Let q(m) = m**2 + 14*m + 1. Let z be q(-14). Let b(n) = 0*n - 2*n + 140*n**2 - 160*n**2 - z. What is b(-1)?
-19
Let o(u) = 5*u - 25 - 6*u - 6*u - 8*u. Let n(r) = 18*r + 26. Let s(b) = -6*n(b) - 7*o(b). What is s(8)?
-5
Let l(o) be the third derivative of -o**6/720 + o**5/60 - o**4/8 + 3*o**2. Let v(m) be the second derivative of l(m). Let b = -13405 - -13407. Calculate v(b).
0
Let h(n) be the first derivative of -11*n**2/2 + 6*n - 935. What is h(1)?
-5
Let r = 12 + 0. Let p be (0 + r)*(-8)/(-16). Let x(m) be the first derivative of -m**2/2 + 8*m - 125. What is x(p)?
2
Let y(z) = 2*z**2 - 4*z - 3. Let n be y(-1). Let l(q) = 2*q. Let w be l(n). Let d be -2 + 24/(w - 3). Let a(b) = b**2 - 3*b - 8. Give a(d).
10
Suppose 17*b + 15 = -15 - 38. Let y(f) = 10*f + 48. Determine y(b).
8
Let v(y) = -y - 1. Let g(b) = -6*b - 5. Let h(o) = g(o) - 5*v(o). Suppose 0 = -5*l - 3*x + 6*x - 15, -2*l - 22 = 2*x. Calculate h(l).
6
Let r(g) = -g**2 + 4*g + 3. Suppose 0 = -2*z + 2, -5 = 4*l - 3*z + 2. Let c = 160 + -67. Let t be l/((-15)/c) + 3/(-15). Determine r(t).
-9
Let a = -74893 + 127315. Let z(l) = a - 52422 + l. Determine z(9).
9
Let l(z) = -2*z**2 - 2*z - 2. Let d be 4 - (3 + (-146)/2). Let i = d - 65. Suppose 6*a + i = -3. Determine l(a).
-6
Let a(u) = u**2 + 65*u - 55. Let b(k) = k**2 + 38*k - 53. Let l(h) = 2*a(h) - 3*b(h). Calculate l(21).
-56
Let p(r) = -17*r**3 + 3*r**2 - 5*r - 14. Let b(w) = -6*w**3 + w**2 - 2*w - 5. Let d = 371 - 360. Let n(u) = d*b(u) - 4*p(u). What is n(-2)?
-15
Suppose -17*o - 16 = -19*o. Let w be 13 + (o/(-16) - (-3)/(-2)). Let p(j) = -j**3 + 10*j**2 + 10*j + 16. Determine p(w).
5
Let p(k) = -k**2 - k. Let y(z) = -z**3 + 16*z**2 + 19*z - 30. Let h be y(17). Suppose -4*r - 32 = 2*m, 0 = -0*m - h*m - r - 29. Calculate p(m).
-30
Let u(y) = -y**2 + 5*y + 4. Let f = 386 + -254. Suppose 5*z = -k + 3*k + 137, 4*z = -4*k + f. Suppose 10*r - 31 - z = 0. Determine u(r).
-2
Let r(p) = 2*p + 5. Let i(x) = 4*x - 5. Let y(f) = f - 1. Let l(k) = -2*i(k) + 7*y(k). Let n be l(7). Determine r(n).
-3
Let v(f) = -10*f - 2*f**3 - 13*f**2 - 12 + 6 + 2*f. Let a be v(-6). Let d be a/9 - (-2 + (-2)/(-3)). Let t(z) = 3*z - 1. Determine t(d).
5
Let t(h) = 25*h - 2 + 2*h - 31*h + 2*h. Calculate t(-7).
12
Suppose 0 = -3*j + 4 - 16. Suppose -7*n - 5*m = -2*n - 10, -3*m = n + 2. Let t(q) = 2 - q - n - 2 + 1. Calculate t(j).
1
Suppose -80*o = 16*o + 146*o. Let c(b) = 3*b - 7. Let m(z) be the first derivative of z**2 - 4*z + 5. Let r(s) = -3*c(s) + 5*m(s). Determine r(o).
1
Let k(z) = -36*z + 23. Let g be k(-10). Let j(l) = -3 - g*l + 6 + 384*l. Let x be 4/(-32) + (-98)/(-16). Calculate j(x).
9
Let o(w) = 7*w - 9. Let y(g) = g**3 + 10*g**2 - 12*g - 6. Let m be y(-11). Let u(f) = -11*f + 18. Let i(z) = m*o(z) + 3*u(z). Determine i(-8).
-7
Let o(m) be the third derivative of -m**5/60 - m**4/8 + 27*m**3/2 + 3*m**2 + 553. What is o(7)?
11
Let x(b) = -10*b - 7. Suppose 393 = 2*y - 3*r, 18*y + 4*r = 14*y + 736. Let q be (-1 + (-1)/2)/(y/630). Determine x(q).
43
Let q(n) = 62 + 1 - 38*n - 30 - 31. Calculate q(-3).
116
Let s(j) be the third derivative of -j**6/120 - 2*j**5/5 - 5*j**4/24 - 18*j**3 - 986*j**2. Give s(-24).
12
Let w = 26267 + -26278. Let x(m) = 16*m + 182. Give x(w).
6
Let q(g) = -g**2 + 27*g - 33. Let s(r) = 3*r**2 - 103*r - 197. Let v be s(-2). Calculate q(v).
93
Let r(c) = -861*c**2 + 9*c + 434*c**2 - 5 + 426*c**2. What is r(9)?
-5
Let z be 15/((-3150)/56)*15. Let i(f) = 16*f + 29. What is i(z)?
-35
Let i(q) be the second derivative of 24*q + 0 + 11/6*q**3 - 1/12*q**4 + q**2. Calculate i(9).
20
Let d(w) = 11859*w**2 - 3956*w**2 - 3955*w**2 - 3952*w**2. Let v be 3*-2*4/(-8). Suppose 4*h = 0, 3*a + v = -2*h + 3*h. Calculate d(a).
-4
Let n be 92341/4315 - (-14)/(-10). Let i(l) = 7*l - 88. Determine i(n).
52
Let f(s) be the third derivative of -s**5/12 + 7*s**4/24 - s**3/3 + 1917*s**2 - 2. What is f(5)?
-92
Suppose -4*t + 0*t = -12. Let d(r) = -r**2 + 1298*r - 594*r - 703*r. Calculate d(t).
-6
Let v(a) be the first derivative of -a**4/4 + 19*a**3/3 - 19*a**2/2 + 19*a + 1418. What is v(18)?
1
Let k(v) be the second derivative of -3*v**5/20 + 2*v**4 + v**3/6 - 4*v**2 + 253*v + 1. Give k(8).
0
Suppose 4 + 1 = 5*o. Let f(v) be the third derivative of -7*v**5/60 - v**3/6 + 9019*v**2. What is f(o)?
-8
Let k(s) be the third derivative of s**4/12 + s**3/6 + 4*s**2. Suppose -210 = 14*q - 11*q. Let p = 71 + q. Calculate k(p).
3
Let q(k) = -k + 8. Suppose -4*t - 3*r = -61, 2*t - 6*r - 30 = -8*r. Give q(t).
-8
Let v(m) be the third derivative of m**6/40 - m**5/20 + m**4/8 - 11*m**3/6 - 2130*m**2. Give v(2).
7
Let s(c) = -5*c**2 - 40*c + 2. Let p(y) = 3*y**2 + 26*y - 1. Let m(i) = -8*p(i) - 5*s(i). Let b = 11 + -15. Let d be (b/(-12))/(4/84). Give m(d).
-9
Let u(r) = 4*r - 23. Let f be u(7). Suppose -2*g = f*i + 3*g + 210, 3*g + 200 = -5*i. Let p = -33 - i. Let z(o) = -o**2 + o - 4. Calculate z(p).
-16
Let a be 66/27 + -1 + 64/(-144). Let y = -15 + 19. Let d(v) = -3 + 7 - y*v + a - 7. What is d(-5)?
18
Let c(n) = -439*n - 148. Let j(r) = 180*r + 59. Let h(w) = -9*c(w) - 22*j(w). Calculate h(8).
-38
Let q(u) = -5*u**3 - 16*u**2 - 7*u - 9. Let g(z) = -6*z**3 - 17*z**2 - 9*z - 10. Let i(l) = 4*g(l) - 5*q(l). Calculate i(-12).
17
Let n(f) be the first derivative of f**3/3 - 5*f**2/2 - 24*f - 4238. What is n(5)?
-24
Let b = -12 + 16. Let a = -100 + 111. Suppose 0 = b*r + a + 5. Let l(u) = -2*u - 3. Determine l(r).
5
Let f(m) be the second derivative of -m**4/12 - 7*m**3/3 - 33*m**2/2 + 4*m - 85. Calculate f(-10).
7
Let h(c) = -c**3 + 3*c - 2. Let a(r) = -6*r**3 - 12*r**2 + 18*r + 3. Let p(k) = -a(k) + 4*h(k). Determine p(-6).
25
Let u(i) = 5*i**2 - 2*i - 2. Let g(j) = 18*j + 38. Let m be g(-2). Suppose 1 = -4*q + 3*p + 18, 3*p = m*q - 13. Calculate u(q).
14
Suppose 9*o = 20*o. Let d(g) = -416 + g + 398 + o*g. Calculate d(8).
-10
Let s(r) be the first derivative of r**2/2 - 7*r - 6. Let x(o) = -2*o**2 - 27*o + 350. Let p be x(8). Determine s(p).
-1
Let o(w) = -148 + 479 - 151 - 2*w**3 - 175 - 16*w**2 - 9*w. Give o(-7).
-30
Let t(f) 